(2 + -6 - -13)).
4
What is the value of 1 + 4 - (0 + 6)?
-1
What is 2 - 2 - (-1 + (9 - 8))?
0
Calculate (1 - (-13 - -5)) + -8.
1
What is 6 + -1 + (-225 - -214)?
-6
Evaluate -15 + 6 + 5 + 6.
2
What is (4 - -6) + -17 + 2?
-5
0 - ((-4 - -3) + 0 + 4)
-3
Evaluate 6 + 1 + 0 + -9.
-2
What is the value of 5 + (-11 - -3) - -4?
1
What is the value of 0 - (-2 + 2) - (6 - 7)?
1
(-2 + (-4 - -10) - 4) + -3
-3
Evaluate (-9 - -8) + 8 + -17.
-10
What is the value of 4 - ((-1 - 1) + 3 - -5)?
-2
Calculate -1 + (2 + -7 - (-16 + 12)).
-2
What is the value of (2 - 3) + -20 + 35 + -24?
-10
-4 - ((-4 - -7) + -3)
-4
Evaluate -8 + 4 + 2 - (3 - 1).
-4
1 - (-1 - (2 - (5 + -3)))
2
Evaluate 14 - 6 - (4 + 5 + 1).
-2
What is the value of (1 - -6) + -4 - 0?
3
Calculate 6 + -2 + (-8 - 4) - 0.
-8
What is the value of 7 - (21 - (1 - -10))?
-3
What is 1 + -2 + 2 + (-2 - 1)?
-2
9 + (0 - (22 - 9))
-4
Evaluate 1 + (0 - -2) + -2 + -2.
-1
Evaluate 0 - (-4 - (-3 - 0)).
1
3 + 0 - (-38 + 37)
4
1 + -2 + 3 + 10 + -13
-1
Calculate 5 + 2 + (-8 - -6 - 16).
-11
-14 - (-7 - (9 + -6))
-4
4 + 0 + 2 + -4 + 2
4
Calculate (6 - 1) + -7 + (-1 - 0).
-3
What is the value of 5 + 0 + (-7 - (-2 + -5))?
5
-10 - -18 - (10 + -1)
-1
What is (4 - 0) + (-5 - -3)?
2
Calculate -7 + 3 + 8 - 5.
-1
What is -3 - 1 - (-10 + 10)?
-4
(22 - (9 + -8)) + -14
7
Evaluate 10 + -12 + (2 - -1) + 1.
2
What is 2 + (4 - 10) + 5?
1
What is the value of -5 + (0 - 1) - (16 - 19)?
-3
-1 - (1 + 6 + -5)
-3
Evaluate 6 + 2 + -8 - -7.
7
What is (-8 + 3 - (0 + 1)) + 2?
-4
Evaluate 2 + (1 - -2 - 3) - 1.
1
What is the value of (-13 + 12 - -11) + -5?
5
-1 + 0 + 1 + 9
9
-1 + (-4 - -1) + (-2 - 2)
-8
What is the value of 3 + -1 - (-5 + 8)?
-1
Evaluate 1 + -8 + 1 + (2 - -1).
-3
What is 1 + -5 + (3 - (10 - 5))?
-6
-2 + (18 - 2 - 9)
5
(10 - -1 - (5 + 1)) + -6
-1
Calculate 10 - 16 - -7 - 4.
-3
Calculate -9 - (-7 + 4 + -3).
-3
Calculate 3 - (-5 + 4 + 1).
3
Evaluate -3 + 5 + -8 - -1.
-5
What is the value of -2 + (1 - (-2 - -2))?
-1
Evaluate -2 + -2 + 0 + 8 + -1.
3
What is (1 - 2) + -31 + 36?
4
What is -4 + 9 - (10 + 0)?
-5
Evaluate -3 - ((-12 - -11) + 7).
-9
What is the value of 0 + 3 - (1 + (9 - 7))?
0
5 - (5 - (-8 - -6 - 1))
-3
What is -16 - (-2 - 8) - -12?
6
Evaluate (-6 - -6) + (1 - 1 - -1).
1
What is -7 + 2 + 4 + -4?
-5
9 + -1 + -11 + 0
-3
What is the value of (-7 - -7) + -5 - -7?
2
What is -2 + (3 - 2 - (10 - 5))?
-6
What is the value of (2 - (0 + 8)) + 7?
1
2 - (3 - (-6 - -2 - -5))
0
Evaluate 0 + 8 + -19 - -8.
-3
What is the value of 7 - (22 + -9 - 5)?
-1
Evaluate (0 - 0 - (8 + -8)) + 3.
3
What is 1 - 4 - 2 - (5 - 5)?
-5
Evaluate (2 + -2 - (25 - 18)) + 10.
3
What is the value of 0 - 0 - (-3 + -16 - -19)?
0
What is -10 - 0 - (-5 + -9 + 13)?
-9
What is the value of -1 - (6 + 0 + -5)?
-2
Calculate 1 + -6 + (-1 - -1) + 3.
-2
-17 + 5 - -8 - (-2 - 5)
3
Calculate 3 + -8 - (-3 + 6 + -7).
-1
Evaluate -13 + 8 + 0 + (11 - 3).
3
What is 4 - (2 + 3 - 3)?
2
What is the value of -7 + 3 - -9 - (4 + 1)?
0
What is 6 + -14 + 4 - -7?
3
Calculate (7 - (-1 - 2)) + -5.
5
Evaluate (2 - -1) + (1 - 0 - 2).
2
What is -3 - (-3 + 2 + 3)?
-5
Evaluate 2 + (-11 - -4) + 2.
-3
Evaluate (12 + -7 - 10) + -1.
-6
4 + 0 + (-1 - 7)
-4
-2 - 2 - (-16 - -9)
3
What is the value of (3 + 1 - (9 - 6)) + -5?
-4
Calculate -7 - (6 - (-4 + 20)) - -1.
4
Calculate 14 + -16 + (-3 - 2) + 2.
-5
What is the value of 8 - ((1 + 1 - 2) + 5)?
3
4 + (1 - 5) + 0
0
Evaluate 7 + (-1 - 1) + 3.
8
-2 + 2 + 0 + -1 - -4
3
Evaluate 0 - 0 - (2 + -9 + 4).
3
Calculate -1 + -2 - (-1 + -3) - -2.
3
What is the value of 8 + -2 - (3 - (-4 - -8))?
7
What is the value of 2 + 4 + (-1 - 0)?
5
(-29 - -37) + (-6 - 3)
-1
Evaluate -19 - -34 - (0 - -9).
6
Evaluate (0 - -5) + -2 - (10 + -1).
-6
What is the value of -2 + 2 + 0 + -4 - -5?
1
-5 + -1 - (-6 + 4)
-4
(-3 + 6 - 10) + 9
2
Calculate -1 + 0 - (3 - (-18 - -22)).
0
(-3 - (-2 - -2)) + 5 + -1
1
Evaluate 7 + (-3 + -6 - -10).
8
What is 34 + -40 + (1 - -8)?
3
What is the value of -1 - (-10 - (0 - (4 + 0)))?
5
Calculate 0 + -1 + 3 + 0.
2
What is -1 - (0 - (0 + -1))?
-2
Calculate -3 + 1 - (4 + 4 + -6).
-4
What is (-1 - 2) + 3 + (1 - 2)?
-1
What is the value of (2 - (1 - (-2 - 5))) + 5?
-1
What is -1 + -4 - (-11 - (11 - 7))?
10
Evaluate (1 - 10) + (-1 + -5 - -8).
-7
What is 0 + 8 + -1 + (-13 - -5)?
-1
-5 + (12 - 5) + -6
-4
Calculate (-2 - (-1 - 1)) + 0 - 3.
-3
What is 5 + (-6 - (-1 + -3)) - -1?
4
What is -1 - -4 - 2 - 5?
-4
What is -3 - -4 - (23 + -14)?
-8
(4 - (19 + -12)) + (-1 - 0)
-4
What is 2 + (-8 - -10) + (0 - 0)?
4
Calculate 0 - 4 - (14 - 17).
-1
What is 6 - 2 - (1 + 4 + 0)?
-1
What is -2 - -1 - (4 - 7)?
2
13 - 2 - (9 - 2)
4
Evaluate -4 - (0 + -2 - -5) - -3.
-4
What is the value of -5 + -15 - -7 - -6 - 0?
-7
-14 + 2 - (-96 + 88)
-4
Evaluate (-1 - 2 - -5 - -2) + -6.
-2
Evaluate -3 - (9 + -9) - (-3 + 0).
0
Evaluate 2 - (-1 - -1) - (-5 + 12).
-5
-15 - (-21 + 9) - (0 - -1)
-4
What is the value of -4 + 1 + (6 - 16 - -13)?
0
-12 + 4 + 26 + -13
5
What is (0 - 7) + -11 + 24 + 3?
9
What is the value of -13 - (-12 + -8 + 15)?
-8
Calculate (-3 - -6) + 12 - 11.
4
What is 0 + -4 + -1 + 1?
-4
What is the value of 7 + -1 + -11 - 0?
-5
What is -8 - (-9 + 19 - 10)?
-8
What is -6 - (-2 + -5 + 1)?
0
Calculate -1 + (2 - (-2 + (0 - -6))).
-3
What is 15 + -8 + -8 - (3 + 1)?
-5
Calculate (-6 - -6 - (-1 + -1)) + -3.
-1
Calculate (4 - -3) + -3 - 4.
0
Evaluate 1 - 5 - (-2 - -2 - 6).
2
5 - (4 + 7) - -3 - -3
0
What is the value of -3 + (5 - -1) - 8?
-5
Calculate 4 - (10 + -5) - 9.
-10
Evaluate 0 + 4 + -4 + (1 - 3).
-2
7 - ((15 - 1) + -8)
1
Calculate (2 - 10) + 24 + -15.
1
Calculate ((-6 - -5) + 2 - 2) + 3.
2
What is -12 + 13 + (-8 - 0)?
-7
((-2 - -1) + 7 - 3) + -7
-4
-5 + 20 + (-1 - 9)
5
9 - 9 - (-2 + 0 + 0)
2
Evaluate 1 + (-7 - -3) + -2.
-5
0 + 13 + -3 + -9
1
What is -1 + (2 - 0 - (-1 + 2))?
0
What is the value of -5 + -5 - (0 - 12)?
2
Calculate 10 + -13 + 11 - -1.
9
(-5 - -2) + 7 - (3 - 1)
2
What is -1 + -1 + -2 + (-4 - -8)?
0
What is 3 - (2 - 4 - (-5 + 1))?
1
What is 0 + -1 + (16 - 16)?
-1
What is (-2 - 5) + (-8 - -10)?
-5
What is (-17 - -8) + 7 + 4?
2
What is the value of 1 + (7 + -4 - 5)?
-1
Evaluate (-1 - 1) + 2 + (-3 - -5).
2
Evaluate 8 + (5 - 0) + -22 + 13.
4
Calculate -2 + (3 - 5) + -1.
-5
What is -8 + 6 + (3 - (0 + 2))?
-1
What is -1 + 2 + -2 + 5?
4
What is 1 - (-3 - (-11 - -10))?
3
Evaluate -19 + 11 - 0 - (-2 - -4).
-10
(6 - 7) + (9 - 1) + -2
5
1 + -6 + 12 + -6
1
0 + 3 - (-74 + 69)
8
What is the value of -1 - ((-3 - 1) + 1)?
2
Evaluate (-2 - ((-7 - 6) + 7)) + 2.
6
Calculate -6 - (2 - (2 + 6)).
0
-2 - ((-2 - 1) + 1) - -2
2
What is 0 + -7 + -2 - -7 - 1?
-3
Evaluate -8 + (-2 - (-12 + 7) - -1).
-4
Evaluate (22 - 13) + -6 + 1 + -1.
3
Evaluate 3 - ((20 - 6) + -9).
-2
What is the value of 1 - 2 - (138 + -135)?
-4
Evaluate 10 + (-10 + 6 - 14).
-8
Evaluate 2 - -1 - (11 - 10) - 2.
0
What is 1 - 4 - (5 - 3)?
-5
Calculate -13 - (6 + -14) - -8.
3
Evaluate (-77 - -72) + (-1 - -11) + -9.
-4
What is the value of 5 + -6 + 3 - -3?
5
What is (-6 - -1) + (1 - -6)?
2
Evaluate -1 + (2 + -3 + 4 - 6).
-4
What is the value of -1 - (19 + -13 + -2)?
-5
Calculate 7 - (-6 - -19) - (-6 + 6).
-6
Evaluate 1 + 1 + (12 - 20).
-6
Calculate -9 + 15 - (-1 - (-4 + -1)).
2
Calculate 1 - -4 - (6 - 3) - -3.
5
What is (9 - -1) + (-78 - -64)?
-4
-4 - (2 - 4) - 2
-4
What is 10 + (-8 - -1 - (10 - 13))?
6
Evaluate 5 + -1 + (1 - 5).
0
What is the value of 4 + -3 + 3 + -5?
-1
-13 - (-8 + 16 - 16)
-5
0 + -7 + 11 - (-1 - -3)
2
-2 + -2 + (3 - 0)
-1
0 + -9 - (29 + -32)
-6
0 - (-7 + 3 + -1 + 0)
5
Evaluate (1 - (2 - -1)) + 7.
5
(-3 - (-15 - -6)) + -8
-2
What is 4 - (-6 + 11 + (3 - 3))?
-1
Calculate 3 + 2 - (-10 - -12).
3
What is the value of 2 + (4 - 5 - 3)?
-2
Calculate -5 + (-2 - (-6 + 5 - 1)).
-5
2 - 0 - (4 - 1)
-1
Evaluate (0 - 4) + -3 - -4 - 1.
-4
What is -11 + (-4 - -12) - (1 + 1)?
-5
Calculate (1 - 2) + 12 + -18.
-7
Calculate -3 + (0 - 3) + 5.
-1
Calculate 9 + (-12 - -1) + 4.
2
Calculate 0 + 4 - (-5 - (-12 + 5)).
2
What is -3 + 1 - 2 - 0?
-4
4 + 0 + -4 + 11 + -5
6
Evaluate 2 - -1 - (5 + (-4 - -6)).
-4
Evaluate 2 - (-8 + (1 - 0) + 3).
6
Evaluate -1 - -6 - (4 - (9 + -9)).
1
(-3 - (1 - 5)) + 4
5
What is the value of 16 + -14 - (-3 - -10)?
-5
What is the value of -4 + 2 + 1 + 2?
1
Calculate -4 - ((0 - -4) + -3 + 0).
-5
0 - (2 - 4) - (11 - 6)
